 -6 + 1)).
5
Calculate 1 + (1 - (0 + 7 + -1)).
-4
Evaluate (-1 + -6 - -2) + 5.
0
Calculate -1 + -1 + (-2 - -3).
-1
What is the value of 8 - (1 + 1 + 1)?
5
(0 - -3) + (-2 - (0 + 5))
-4
What is the value of 1 - (3 + 0 + 1 + 0)?
-3
(14 - 12) + (-8 - 0)
-6
What is the value of 0 - (1 + (-4 - (-7 + 0)))?
-4
Evaluate (2 - 7) + (0 - -3) - 2.
-4
Evaluate -1 + 5 + -1 + 28 + -26.
5
What is the value of (-14 - (-3 - 11)) + 4?
4
Calculate -10 + 3 - -6 - -1.
0
What is the value of 0 + 3 + 3 + -3 + 2?
5
What is 8 + (-4 - 20) - -8?
-8
(-15 - (8 - 15)) + 6
-2
What is 8 + -16 - (-2 - (1 + 0))?
-5
Evaluate (10 - 11) + (-1 - 3).
-5
What is the value of -2 + -7 + -21 + 27?
-3
Calculate -10 - (5 + 8 + -18).
-5
What is -2 + (-3 - -12 - 4) - 0?
3
What is the value of -8 - (-9 + 1 + -1)?
1
Evaluate (4 - 8 - -2) + (-5 - -2).
-5
Evaluate (7 - (10 - 11)) + -5.
3
What is 7 - ((-1 - -4) + -1 - -3)?
2
9 - (-5 - (1 - 19))
-4
Calculate -24 + 24 - (1 + -1) - -5.
5
(2 - (8 - 3)) + (4 - 6)
-5
(-6 - (-3 - (3 + -3))) + 6
3
-5 - (-1 + 3 - 1)
-6
Calculate (1 - 0) + 0 - -3.
4
What is 11 + 2 + -5 + (-5 - -2)?
5
Evaluate -2 + 17 - (4 + 5).
6
Calculate 0 - (0 - 1 - -1) - 0.
0
Calculate -4 + (2 - 1) - -4.
1
What is -2 - (3 - -1) - -8?
2
What is the value of 5 + (-63 - -62) + (0 - 4)?
0
What is 9 + -10 - (-3 + 0)?
2
What is the value of -4 + -2 + -3 + 10 + 2?
3
Evaluate 3 - 14 - (32 - 37).
-6
What is -7 + 0 - (35 - 34) - -6?
-2
What is 5 + (0 - (1 - -1) - -5)?
8
What is 3 - (3 - (7 + -9))?
-2
Calculate (4 - -3 - 3) + (2 - 4).
2
27 - 27 - (0 - 2)
2
-2 + 0 + 4 - (18 + -10)
-6
What is the value of -1 + 3 + 4 + -3?
3
Calculate 0 + (-5 - 0) + 3 + -1.
-3
What is the value of 4 - (-4 + (9 - -4 - 3))?
-2
Calculate -14 - (7 + -31) - 5.
5
What is (1 - 2 - 0) + 0 + 0?
-1
What is the value of -3 + 8 + -16 + 11?
0
Calculate -5 - (0 + (1 - 1)).
-5
5 + 4 + -7 + 3
5
Evaluate 2 + 6 + -3 + -6 + 1.
0
Calculate -4 + -1 + 5 + (0 - 7).
-7
Calculate 6 - (-3 + 4 + (7 - 5)).
3
Evaluate -5 - ((-5 - (-2 - 1)) + -4).
1
Evaluate (-4 - -4) + -4 + 7.
3
3 - (1 - (-2 - -2)) - 4
-2
-4 + (-2 - (5 + -7) - -2)
-2
Evaluate -5 + 4 + (5 - -3).
7
0 - 0 - (-18 - -15)
3
1 + 0 + 0 + -1 + 1
1
Evaluate 1 + (6 - (-2 - -5)) + 2.
6
-7 - (-4 + -1 - (-2 - -2))
-2
Calculate 4 + (-1 - (-1 + 4 - 3)).
3
Evaluate (5 + 3 - 3) + 0 + -6.
-1
Calculate 0 - ((0 - -2) + -3).
1
What is the value of 2 - (-6 - (4 + -13))?
-1
Calculate -6 + 13 + 6 + -13.
0
Calculate -31 + 36 - (1 + 4).
0
What is 3 - (16 + 9 + -16)?
-6
Calculate 8 + -7 + (1 - -4).
6
What is the value of (-2 - 0 - -5) + -1 + -6?
-4
What is the value of -8 + 0 + 3 - (-8 - 2)?
5
What is the value of -8 - (-6 + (-13 - -9))?
2
What is 14 + (-12 - -2) - 2?
2
Calculate -2 + 5 - (-7 + 8).
2
Evaluate -9 - (6 - (21 + -3)).
3
What is 0 + 7 - 11 - -2?
-2
What is (38 - 41) + (-1 - -1)?
-3
What is 8 + (6 - 12) + -2 + 8?
8
5 - -3 - (-11 + 7 + 11)
1
Evaluate 1 - (-6 - -7) - 2.
-2
Calculate -65 + 64 + (0 - -3).
2
What is 1 - (-2 - (-3 - 3))?
-3
Evaluate (2 - -1) + (-12 - -1).
-8
What is -17 + 25 + -14 - (2 - 13)?
5
What is the value of (0 - 2 - -3) + 2?
3
What is the value of -10 - (0 - (11 - 1))?
0
What is the value of 3 + (7 - 12 - -6)?
4
-4 + -4 + 9 - -4
5
Evaluate (0 - 2 - -1) + 49 + -47.
1
-13 - -22 - (4 - -4)
1
Calculate -3 + -3 + (-4 + 7 - -2).
-1
4 - (3 + (-2 - -6))
-3
What is 30 + -29 - (-1 + 7 + -2)?
-3
7 - 1 - (1 + 5 - 7)
7
What is 0 - -3 - (-4 - (0 + -2))?
5
Evaluate -4 + 13 - (18 + -3).
-6
Evaluate -7 + 13 + (2 - 7) - 2.
-1
-12 + 10 - (-1 + -2) - -4
5
What is the value of 5 - (10 - 5) - 2?
-2
(6 - 2) + (-12 - (4 + -11))
-1
Calculate 3 + 11 + (10 - (20 - 3)).
7
Calculate 3 + -2 - (-2 - -3) - 0.
0
What is the value of (0 - 4) + -1 - (-3 - -2)?
-4
-7 - -4 - -2 - -4
3
What is the value of -4 - -1 - (-3 - 1)?
1
What is (-6 - -6) + -1 + 5 + -1?
3
Calculate 3 + 0 + (-1 - -3) - 4.
1
8 - (9 + -1 + 0 + -3)
3
What is the value of 3 + (6 + -4 - 2) + -4?
-1
(6 - 17 - -6) + 0
-5
What is 7 + -3 + -18 + 8?
-6
Evaluate -8 + 0 + 7 + 9.
8
What is the value of -2 - -5 - (5 + -6)?
4
What is the value of (5 - 1) + -7 + 1?
-2
What is 4 - 1 - (-12 + 13)?
2
What is 3 + -1 + 1 - (0 - -6)?
-3
6 + 2 + 0 + -3
5
(-2 - (2 + -1)) + (2 - 2)
-3
What is the value of 4 - (-10 + 4 - -5)?
5
What is the value of 4 - 1 - (4 + 1)?
-2
Calculate (-15 - (-9 - 3)) + (1 - 1).
-3
What is -9 - (-3 + -1) - (-10 - 1)?
6
Evaluate 2 + (4 - 0) + -2.
4
What is the value of (-2 - ((-2 - -7) + -11)) + -8?
-4
Calculate -1 + -1 + 1 - (4 - 4).
-1
What is -4 - ((1 - 3) + -5)?
3
What is the value of (-4 - -16) + 6 + -10?
8
What is the value of (3 - 1) + -2 + -3?
-3
Evaluate -16 + 9 - (-2 + (-1 - -1)).
-5
What is the value of 2 - ((4 - 2) + -1)?
1
What is the value of 1 + 7 + 4 + -7 - 6?
-1
Evaluate (9 - 7) + (1 - 9) - -4.
-2
What is 34 + -34 + (7 - (0 + 1))?
6
Calculate -5 + -3 + 14 + -5.
1
Calculate 0 + -6 + (3 - -10).
7
-5 + 10 - 1 - 4
0
What is the value of -6 + -4 + 5 + 2?
-3
What is the value of (4 - -9) + -7 + -1 + -1?
4
What is the value of 15 + -18 + 4 + 3 + 1?
5
What is 4 + (-1 - -6 - 5)?
4
Calculate 3 + -3 + -5 + 4.
-1
-6 - ((4 - 17) + 10)
-3
What is 5 - (11 - 8 - -9) - -3?
-4
What is -5 + (1 - -1 - (-1 + 0))?
-2
(4 + 0 - 7) + 5
2
What is 0 + 3 + -1 + -9?
-7
Calculate -3 + 1 + 6 + -2.
2
What is 9 - (1 - (2 + -3 + 1))?
8
(9 - (12 + -3)) + -2
-2
Calculate 5 - ((5 - 15) + 14).
1
Evaluate -1 + -3 + 2 + 3 - 1.
0
Evaluate -13 + 19 + (-13 - -13).
6
What is -4 + 2 + 0 + -1 + 2?
-1
Evaluate (1 - 0 - -1 - 0) + 3.
5
Calculate (-24 - -21) + -3 + 2 + 6.
2
(-6 + -10 - -6) + 7
-3
What is the value of (-1 - (4 + -1)) + 9?
5
What is 2 + 4 + (2 - 3) + -1?
4
Evaluate 5 + (-11 - 5 - -5 - -1).
-5
What is 7 - (8 + (-7 - 1))?
7
7 + (0 + 1 - -2) + -10
0
Evaluate 0 - (3 + 2 + -8).
3
(0 - 1) + 1 + -1 + -2
-3
What is the value of 2 + 0 + -3 + -4?
-5
Evaluate 8 + -7 - 3 - (-5 - -3).
0
What is the value of 2 + -2 - (-4 + 6)?
-2
Evaluate (-3 + 6 - 4) + -2.
-3
What is the value of -9 - (6 + -11) - -4?
0
What is the value of (-4 - -10) + -6 - -1?
1
-4 - -3 - ((1 - 12) + 3)
7
-22 + (-4 - (2 - 19))
-9
2 + 3 + 2 + -8
-1
Calculate (1 - -2) + (-2 - (-6 + 5)).
2
Calculate -7 + (-43 - -32) + (0 - -7).
-11
Calculate 2 - (6 + -2 - (1 + -1)).
-2
What is -4 - (4 - 1 - 2)?
-5
What is (-3 - 3) + 5 + (-1 - 1)?
-3
Calculate -2 - 2 - (3 + -9 + 4).
-2
What is (-3 + 0 - -8) + -3?
2
What is -20 + 22 + (1 - (2 - 1))?
2
What is the value of -2 - (-1 + -3 + 7)?
-5
Evaluate -10 + (6 - 4) + (-2 - 0).
-10
Calculate -5 - ((-2 - -1) + 0).
-4
-6 + 7 + -5 - -3
-1
Evaluate -9 - -14 - (11 + -5).
-1
What is the value of -7 - (7 - (3 - 6 - -10))?
-7
Calculate -17 + 18 + -2 + 3.
2
What is -6 + -21 + 17 - (-5 - -1)?
-6
What is 6 - 8 - (3 - (-1 + 4))?
-2
5 + -5 + 5 - 6
-1
Evaluate (-1 + 4 - 0) + 1.
4
Evaluate 2 - (3 + -4 + 0).
3
What is the value of -15 + 19 + -3 + -2?
-1
Evaluate 5 + (3 + -3 - 0).
5
What is the value of 6 + 2 + (-5 - -14 - 21)?
-4
Calculate -1 + 0 + 0 + 7.
6
What is the value of -12 + 20 + (4 - 9)?
3
What is the value of (-1 - 0) + 6 + -13 + 8?
0
What is (0 - 6 - -2) + (6 - 2)?
0
What is the value of (11 - 10) + 2 + -5 + -4?
-6
(1 - -2) + (4 - 4 - 0)
3
Calculate -1 - 0 - (8 - 8 - -7).
-8
4 + -1 + 1 + 6 + -1
9
What is -10 + -1 - (28 + -36)?
-3
5 - (7 + (-11 - -4))
5
What is the value of -2 + -10 - (-39 + 20)?
7
Evaluate -5 - -6 - 15 - -3.
-11
What is the value of (9 - (8 - 3)) + -2 - -2?
4
What is -4 - ((0 - 1) + -6)?
3
(-2 - (3 - 3)) + 2 + 1
1
Calculate 4 + 1 + 7 + -19.
-7
What is (-10 - (-9 - 17)) + -10?
6
What is (-1 - -5 - 8) + 4?
0
What is (0 - 3) + -1 + 3 + 0?
-1
Evaluate 2 + (-7 + -2 - -2).
-5
What is the value of -1 + 4 - (-9 - -8)?
4
Calculate 0 - ((9 - 16) + 10).
-3
What is 4 - (3 + 1 - 0 - 1)?
1
10 - (-10 + 21 + -3)
2
Calculate 8 - 12 - ((1 - 5) + 1).
-1
Calculate 0 - (1 + (-2 - 2)).
3
Calculate -4 + 9 + -1 + -8.
-4
What is -6 - (-6 + 6) - (3 - 7)?
-2
What is (0 - (-1 - -3)) + 2?
0
Calculate 0 + -7 + 6 + (11 - 7).
3
What is the value of 0 + 0 + -2 + -2?
-4
What is the value of 11 + -13 + 8 - (5 + 0)?
1
What is the value of 0 + 1 + (-3 - -6) + -3?
1
What is the value of -6 + 1 + 3 - -6?
4
Evaluate (27 - 6) + -17 - (6 + -1).
-1
Evaluate (-9 + 13 - -1) + 2.
7
What is the value of 2 + -12 + (-35 - -38)?
-7
Evaluate -3 - 0 - -4 - 1.
0
Calculate -3 + 2 + (-1 - -4).
2
Calculate -2 +